{"id":1284,"date":"2024-06-12T09:53:13","date_gmt":"2024-06-12T09:53:13","guid":{"rendered":"https:\/\/asreal.com\/?page_id=1284"},"modified":"2024-12-19T14:49:11","modified_gmt":"2024-12-19T14:49:11","slug":"wohnen","status":"publish","type":"page","link":"https:\/\/asreal.com\/?page_id=1284","title":{"rendered":"Wohnen"},"content":{"rendered":"\t\t<div data-elementor-type=\"wp-page\" data-elementor-id=\"1284\" class=\"elementor elementor-1284\">\n\t\t\t\t\t\t<section class=\"elementor-section elementor-top-section elementor-element elementor-element-673595fb elementor-section-boxed elementor-section-height-default elementor-section-height-default wpr-particle-no wpr-sticky-section-no\" data-id=\"673595fb\" data-element_type=\"section\" data-settings=\"{&quot;background_background&quot;:&quot;classic&quot;}\">\n\t\t\t\t\t\t\t<div class=\"elementor-background-overlay\"><\/div>\n\t\t\t\t\t\t\t<div class=\"elementor-container elementor-column-gap-default\">\n\t\t\t\t\t<div class=\"elementor-column elementor-col-100 elementor-top-column elementor-element elementor-element-3c179ed0\" data-id=\"3c179ed0\" data-element_type=\"column\" data-settings=\"{&quot;background_background&quot;:&quot;gradient&quot;}\">\n\t\t\t<div class=\"elementor-widget-wrap elementor-element-populated\">\n\t\t\t\t\t<div class=\"elementor-background-overlay\"><\/div>\n\t\t\t\t\t\t<section class=\"elementor-section elementor-inner-section elementor-element elementor-element-5da76 elementor-section-boxed elementor-section-height-default elementor-section-height-default wpr-particle-no wpr-sticky-section-no\" data-id=\"5da76\" data-element_type=\"section\">\n\t\t\t\t\t\t<div class=\"elementor-container elementor-column-gap-default\">\n\t\t\t\t\t<div class=\"elementor-column elementor-col-50 elementor-inner-column elementor-element elementor-element-6a21c20\" data-id=\"6a21c20\" data-element_type=\"column\">\n\t\t\t<div class=\"elementor-widget-wrap elementor-element-populated\">\n\t\t\t\t\t\t<div class=\"elementor-element elementor-element-3ccc7921 elementor-widget__width-initial elementor-widget elementor-widget-heading\" data-id=\"3ccc7921\" data-element_type=\"widget\" data-widget_type=\"heading.default\">\n\t\t\t\t<div class=\"elementor-widget-container\">\n\t\t\t<h2 class=\"elementor-heading-title elementor-size-default\">Angebote <br>- folgt demn\u00e4chst -<\/h2>\t\t<\/div>\n\t\t\t\t<\/div>\n\t\t\t\t\t<\/div>\n\t\t<\/div>\n\t\t\t\t<div class=\"elementor-column elementor-col-50 elementor-inner-column elementor-element elementor-element-5b66a2cf\" data-id=\"5b66a2cf\" data-element_type=\"column\">\n\t\t\t<div class=\"elementor-widget-wrap elementor-element-populated\">\n\t\t\t\t\t\t<section class=\"elementor-section elementor-inner-section elementor-element elementor-element-3d400454 elementor-section-full_width elementor-section-height-default elementor-section-height-default wpr-particle-no wpr-sticky-section-no\" data-id=\"3d400454\" data-element_type=\"section\">\n\t\t\t\t\t\t<div class=\"elementor-container elementor-column-gap-no\">\n\t\t\t\t\t<div class=\"elementor-column elementor-col-100 elementor-inner-column elementor-element elementor-element-1625b052\" data-id=\"1625b052\" data-element_type=\"column\">\n\t\t\t<div class=\"elementor-widget-wrap elementor-element-populated\">\n\t\t\t\t\t\t<div class=\"elementor-element elementor-element-29a809ce elementor-align-center elementor-widget__width-auto e-transform e-transform elementor-invisible elementor-widget elementor-widget-button\" data-id=\"29a809ce\" data-element_type=\"widget\" data-settings=\"{&quot;_transform_scale_effect&quot;:{&quot;unit&quot;:&quot;px&quot;,&quot;size&quot;:1,&quot;sizes&quot;:[]},&quot;_transform_scale_effect_hover&quot;:{&quot;unit&quot;:&quot;px&quot;,&quot;size&quot;:1.1,&quot;sizes&quot;:[]},&quot;_animation&quot;:&quot;bounceIn&quot;,&quot;_transform_scale_effect_tablet&quot;:{&quot;unit&quot;:&quot;px&quot;,&quot;size&quot;:&quot;&quot;,&quot;sizes&quot;:[]},&quot;_transform_scale_effect_mobile&quot;:{&quot;unit&quot;:&quot;px&quot;,&quot;size&quot;:&quot;&quot;,&quot;sizes&quot;:[]},&quot;_transform_scale_effect_hover_tablet&quot;:{&quot;unit&quot;:&quot;px&quot;,&quot;size&quot;:&quot;&quot;,&quot;sizes&quot;:[]},&quot;_transform_scale_effect_hover_mobile&quot;:{&quot;unit&quot;:&quot;px&quot;,&quot;size&quot;:&quot;&quot;,&quot;sizes&quot;:[]}}\" data-widget_type=\"button.default\">\n\t\t\t\t<div class=\"elementor-widget-container\">\n\t\t\t\t\t<div class=\"elementor-button-wrapper\">\n\t\t\t<a class=\"elementor-button elementor-button-link elementor-size-sm\" href=\"https:\/\/asreal.com\/?page_id=1846\">\n\t\t\t\t\t\t<span class=\"elementor-button-content-wrapper\">\n\t\t\t\t\t\t\t\t\t<span class=\"elementor-button-text\">Wohnen<\/span>\n\t\t\t\t\t<\/span>\n\t\t\t\t\t<\/a>\n\t\t<\/div>\n\t\t\t\t<\/div>\n\t\t\t\t<\/div>\n\t\t\t\t\t<\/div>\n\t\t<\/div>\n\t\t\t\t\t<\/div>\n\t\t<\/section>\n\t\t\t\t\t<\/div>\n\t\t<\/div>\n\t\t\t\t\t<\/div>\n\t\t<\/section>\n\t\t\t\t\t<\/div>\n\t\t<\/div>\n\t\t\t\t\t<\/div>\n\t\t<\/section>\n\t\t<div class=\"elementor-element elementor-element-48c8f391 e-flex e-con-boxed wpr-particle-no wpr-sticky-section-no e-con e-parent\" data-id=\"48c8f391\" data-element_type=\"container\">\n\t\t\t\t\t<div class=\"e-con-inner\">\n\t\t\t\t<div class=\"elementor-element elementor-element-538feeac elementor-widget elementor-widget-spacer\" data-id=\"538feeac\" data-element_type=\"widget\" data-widget_type=\"spacer.default\">\n\t\t\t\t<div class=\"elementor-widget-container\">\n\t\t\t\t\t<div class=\"elementor-spacer\">\n\t\t\t<div class=\"elementor-spacer-inner\"><\/div>\n\t\t<\/div>\n\t\t\t\t<\/div>\n\t\t\t\t<\/div>\n\t\t\t\t<div class=\"elementor-element elementor-element-2d7c997 wpr-stt-btn-align-fixed wpr-stt-btn-align-fixed-right elementor-widget elementor-widget-wpr-back-to-top\" data-id=\"2d7c997\" data-element_type=\"widget\" data-widget_type=\"wpr-back-to-top.default\">\n\t\t\t\t<div class=\"elementor-widget-container\">\n\t\t\t<div class=\"wpr-stt-wrapper\"><div class='wpr-stt-btn' data-settings='{&quot;animation&quot;:&quot;fade&quot;,&quot;animationOffset&quot;:&quot;0&quot;,&quot;animationDuration&quot;:&quot;200&quot;,&quot;fixed&quot;:&quot;fixed&quot;,&quot;scrolAnim&quot;:&quot;800&quot;}'><span class=\"wpr-stt-icon\"><svg class=\"e-font-icon-svg e-fas-chevron-up\" viewBox=\"0 0 448 512\" xmlns=\"http:\/\/www.w3.org\/2000\/svg\"><path d=\"M240.971 130.524l194.343 194.343c9.373 9.373 9.373 24.569 0 33.941l-22.667 22.667c-9.357 9.357-24.522 9.375-33.901.04L224 227.495 69.255 381.516c-9.379 9.335-24.544 9.317-33.901-.04l-22.667-22.667c-9.373-9.373-9.373-24.569 0-33.941L207.03 130.525c9.372-9.373 24.568-9.373 33.941-.001z\"><\/path><\/svg><\/span><\/div><\/div>\t\t<\/div>\n\t\t\t\t<\/div>\n\t\t\t\t<div class=\"elementor-element elementor-element-a52c959 wpr-pc-btn-align-fixed wpr-pc-btn-align-fixed-right wpr-pc-btn-icon-right elementor-widget elementor-widget-wpr-phone-call\" data-id=\"a52c959\" data-element_type=\"widget\" data-widget_type=\"wpr-phone-call.default\">\n\t\t\t\t<div class=\"elementor-widget-container\">\n\t\t\t<div class=\"wpr-pc-wrapper\"><a href=\"tel:+49 40 2000767-0\" class=\"wpr-pc-btn\"><div class=\"wpr-pc-content\"><span class=\"wpr-pc-btn-icon\"><svg class=\"e-font-icon-svg e-fas-phone\" viewBox=\"0 0 512 512\" xmlns=\"http:\/\/www.w3.org\/2000\/svg\"><path d=\"M493.4 24.6l-104-24c-11.3-2.6-22.9 3.3-27.5 13.9l-48 112c-4.2 9.8-1.4 21.3 6.9 28l60.6 49.6c-36 76.7-98.9 140.5-177.2 177.2l-49.6-60.6c-6.8-8.3-18.2-11.1-28-6.9l-112 48C3.9 366.5-2 378.1.6 389.4l24 104C27.1 504.2 36.7 512 48 512c256.1 0 464-207.5 464-464 0-11.2-7.7-20.9-18.6-23.4z\"><\/path><\/svg><\/span><\/div><\/a><\/div>\t\t<\/div>\n\t\t\t\t<\/div>\n\t\t\t\t\t<\/div>\n\t\t\t\t<\/div>\n\t\t\t\t<section class=\"elementor-section elementor-top-section elementor-element elementor-element-7795fde0 elementor-section-full_width elementor-section-height-default elementor-section-height-default wpr-particle-no wpr-sticky-section-no\" data-id=\"7795fde0\" data-element_type=\"section\" data-settings=\"{&quot;background_background&quot;:&quot;classic&quot;}\">\n\t\t\t\t\t\t<div class=\"elementor-container elementor-column-gap-default\">\n\t\t\t\t\t<div class=\"elementor-column elementor-col-100 elementor-top-column elementor-element elementor-element-1ddf0935\" data-id=\"1ddf0935\" data-element_type=\"column\">\n\t\t\t<div class=\"elementor-widget-wrap elementor-element-populated\">\n\t\t\t\t\t\t<div class=\"elementor-element elementor-element-512bfb72 wpr-main-menu-align-center wpr-main-menu-align--mobilecenter wpr-mobile-menu-custom-width wpr-mobile-menu-drdown-align-right wpr-main-menu-align--tabletcenter wpr-pointer-underline wpr-pointer-line-fx wpr-pointer-fx-fade wpr-sub-icon-caret-down wpr-sub-menu-fx-fade wpr-nav-menu-bp-mobile wpr-mobile-menu-item-align-center wpr-mobile-toggle-v1 wpr-sub-divider-yes elementor-widget elementor-widget-wpr-nav-menu\" data-id=\"512bfb72\" data-element_type=\"widget\" data-settings=\"{&quot;menu_layout&quot;:&quot;horizontal&quot;}\" data-widget_type=\"wpr-nav-menu.default\">\n\t\t\t\t<div class=\"elementor-widget-container\">\n\t\t\t<nav class=\"wpr-nav-menu-container wpr-nav-menu-horizontal\" data-trigger=\"hover\"><ul id=\"menu-1-512bfb72\" class=\"wpr-nav-menu\"><li class=\"menu-item menu-item-type-post_type menu-item-object-page menu-item-554\"><a href=\"https:\/\/asreal.com\/?page_id=524\" class=\"wpr-menu-item wpr-pointer-item\">Impressum<\/a><\/li>\n<li class=\"menu-item menu-item-type-post_type menu-item-object-page menu-item-551\"><a href=\"https:\/\/asreal.com\/?page_id=530\" class=\"wpr-menu-item wpr-pointer-item\">AGB<\/a><\/li>\n<li class=\"menu-item menu-item-type-post_type menu-item-object-page menu-item-privacy-policy menu-item-553\"><a rel=\"privacy-policy\" href=\"https:\/\/asreal.com\/?page_id=536\" class=\"wpr-menu-item wpr-pointer-item\">Datenschutzerkl\u00e4rung<\/a><\/li>\n<li class=\"menu-item menu-item-type-post_type menu-item-object-page menu-item-552\"><a href=\"https:\/\/asreal.com\/?page_id=546\" class=\"wpr-menu-item wpr-pointer-item\">Anti-Geldw\u00e4sche<\/a><\/li>\n<li class=\"menu-item menu-item-type-post_type menu-item-object-page menu-item-555\"><a href=\"https:\/\/asreal.com\/?page_id=541\" class=\"wpr-menu-item wpr-pointer-item\">Widerrufsrecht<\/a><\/li>\n<\/ul><\/nav><nav class=\"wpr-mobile-nav-menu-container\"><div class=\"wpr-mobile-toggle-wrap\"><div class=\"wpr-mobile-toggle\"><span class=\"wpr-mobile-toggle-line\"><\/span><span class=\"wpr-mobile-toggle-line\"><\/span><span class=\"wpr-mobile-toggle-line\"><\/span><\/div><\/div><ul id=\"mobile-menu-2-512bfb72\" class=\"wpr-mobile-nav-menu\"><li class=\"menu-item menu-item-type-post_type menu-item-object-page menu-item-554\"><a href=\"https:\/\/asreal.com\/?page_id=524\" class=\"wpr-mobile-menu-item\">Impressum<\/a><\/li>\n<li class=\"menu-item menu-item-type-post_type menu-item-object-page menu-item-551\"><a href=\"https:\/\/asreal.com\/?page_id=530\" class=\"wpr-mobile-menu-item\">AGB<\/a><\/li>\n<li class=\"menu-item menu-item-type-post_type menu-item-object-page menu-item-privacy-policy menu-item-553\"><a rel=\"privacy-policy\" href=\"https:\/\/asreal.com\/?page_id=536\" class=\"wpr-mobile-menu-item\">Datenschutzerkl\u00e4rung<\/a><\/li>\n<li class=\"menu-item menu-item-type-post_type menu-item-object-page menu-item-552\"><a href=\"https:\/\/asreal.com\/?page_id=546\" class=\"wpr-mobile-menu-item\">Anti-Geldw\u00e4sche<\/a><\/li>\n<li class=\"menu-item menu-item-type-post_type menu-item-object-page menu-item-555\"><a href=\"https:\/\/asreal.com\/?page_id=541\" class=\"wpr-mobile-menu-item\">Widerrufsrecht<\/a><\/li>\n<\/ul><\/nav>\t\t<\/div>\n\t\t\t\t<\/div>\n\t\t\t\t<div class=\"elementor-element elementor-element-4a42311b elementor-widget elementor-widget-text-editor\" data-id=\"4a42311b\" data-element_type=\"widget\" data-widget_type=\"text-editor.default\">\n\t\t\t\t<div class=\"elementor-widget-container\">\n\t\t\t\t\t\t\t<p>COPYRIGHT \u00a9 2024 ASREAL REAM GMBH<\/p>\t\t\t\t\t\t<\/div>\n\t\t\t\t<\/div>\n\t\t\t\t\t<\/div>\n\t\t<\/div>\n\t\t\t\t\t<\/div>\n\t\t<\/section>\n\t\t\t\t<\/div>\n\t\t","protected":false},"excerpt":{"rendered":"<p>Angebote &#8211; folgt demn\u00e4chst &#8211; Wohnen Impressum AGB Datenschutzerkl\u00e4rung Anti-Geldw\u00e4sche Widerrufsrecht Impressum AGB Datenschutzerkl\u00e4rung Anti-Geldw\u00e4sche Widerrufsrecht COPYRIGHT \u00a9 2024 ASREAL REAM GMBH<\/p>\n","protected":false},"author":1,"featured_media":0,"parent":1105,"menu_order":1,"comment_status":"closed","ping_status":"closed","template":"","meta":{"footnotes":""},"class_list":["post-1284","page","type-page","status-publish","hentry"],"yoast_head":"<!-- This site is optimized with the Yoast SEO plugin v23.6 - https:\/\/yoast.com\/wordpress\/plugins\/seo\/ -->\n<title>Wohnen - ASreal<\/title>\n<meta name=\"robots\" content=\"index, follow, max-snippet:-1, max-image-preview:large, max-video-preview:-1\" \/>\n<link rel=\"canonical\" href=\"https:\/\/asreal.com\/?page_id=1284\" \/>\n<meta property=\"og:locale\" content=\"de_DE\" \/>\n<meta property=\"og:type\" content=\"article\" \/>\n<meta property=\"og:title\" content=\"Wohnen - ASreal\" \/>\n<meta property=\"og:description\" content=\"Angebote &#8211; folgt demn\u00e4chst &#8211; Wohnen Impressum AGB Datenschutzerkl\u00e4rung Anti-Geldw\u00e4sche Widerrufsrecht Impressum AGB Datenschutzerkl\u00e4rung Anti-Geldw\u00e4sche Widerrufsrecht COPYRIGHT \u00a9 2024 ASREAL REAM GMBH\" \/>\n<meta property=\"og:url\" content=\"https:\/\/asreal.com\/?page_id=1284\" \/>\n<meta property=\"og:site_name\" content=\"ASreal\" \/>\n<meta property=\"article:modified_time\" content=\"2024-12-19T14:49:11+00:00\" \/>\n<meta name=\"twitter:card\" content=\"summary_large_image\" \/>\n<meta name=\"twitter:label1\" content=\"Gesch\u00e4tzte Lesezeit\" \/>\n\t<meta name=\"twitter:data1\" content=\"1\u00a0Minute\" \/>\n<script type=\"application\/ld+json\" class=\"yoast-schema-graph\">{\"@context\":\"https:\/\/schema.org\",\"@graph\":[{\"@type\":\"WebPage\",\"@id\":\"https:\/\/asreal.com\/?page_id=1284\",\"url\":\"https:\/\/asreal.com\/?page_id=1284\",\"name\":\"Wohnen - ASreal\",\"isPartOf\":{\"@id\":\"https:\/\/asreal.com\/#website\"},\"datePublished\":\"2024-06-12T09:53:13+00:00\",\"dateModified\":\"2024-12-19T14:49:11+00:00\",\"breadcrumb\":{\"@id\":\"https:\/\/asreal.com\/?page_id=1284#breadcrumb\"},\"inLanguage\":\"de\",\"potentialAction\":[{\"@type\":\"ReadAction\",\"target\":[\"https:\/\/asreal.com\/?page_id=1284\"]}]},{\"@type\":\"BreadcrumbList\",\"@id\":\"https:\/\/asreal.com\/?page_id=1284#breadcrumb\",\"itemListElement\":[{\"@type\":\"ListItem\",\"position\":1,\"name\":\"Portada\",\"item\":\"https:\/\/asreal.com\/\"},{\"@type\":\"ListItem\",\"position\":2,\"name\":\"Angebote\",\"item\":\"https:\/\/asreal.com\/?page_id=1105\"},{\"@type\":\"ListItem\",\"position\":3,\"name\":\"Wohnen\"}]},{\"@type\":\"WebSite\",\"@id\":\"https:\/\/asreal.com\/#website\",\"url\":\"https:\/\/asreal.com\/\",\"name\":\"ASreal\",\"description\":\"Ihr professioneller Partner f\u00fcr nachhaltiges Mieter- und Vermietungsmanagement\",\"publisher\":{\"@id\":\"https:\/\/asreal.com\/#organization\"},\"potentialAction\":[{\"@type\":\"SearchAction\",\"target\":{\"@type\":\"EntryPoint\",\"urlTemplate\":\"https:\/\/asreal.com\/?s={search_term_string}\"},\"query-input\":{\"@type\":\"PropertyValueSpecification\",\"valueRequired\":true,\"valueName\":\"search_term_string\"}}],\"inLanguage\":\"de\"},{\"@type\":\"Organization\",\"@id\":\"https:\/\/asreal.com\/#organization\",\"name\":\"ASreal\",\"url\":\"https:\/\/asreal.com\/\",\"logo\":{\"@type\":\"ImageObject\",\"inLanguage\":\"de\",\"@id\":\"https:\/\/asreal.com\/#\/schema\/logo\/image\/\",\"url\":\"https:\/\/asreal.com\/wp-content\/uploads\/2024\/07\/ASr_MieterUZwei\u251c\u0192_web_neg_600.png\",\"contentUrl\":\"https:\/\/asreal.com\/wp-content\/uploads\/2024\/07\/ASr_MieterUZwei\u251c\u0192_web_neg_600.png\",\"width\":1890,\"height\":662,\"caption\":\"ASreal\"},\"image\":{\"@id\":\"https:\/\/asreal.com\/#\/schema\/logo\/image\/\"}}]}<\/script>\n<!-- \/ Yoast SEO plugin. -->","yoast_head_json":{"title":"Wohnen - ASreal","robots":{"index":"index","follow":"follow","max-snippet":"max-snippet:-1","max-image-preview":"max-image-preview:large","max-video-preview":"max-video-preview:-1"},"canonical":"https:\/\/asreal.com\/?page_id=1284","og_locale":"de_DE","og_type":"article","og_title":"Wohnen - ASreal","og_description":"Angebote &#8211; folgt demn\u00e4chst &#8211; Wohnen Impressum AGB Datenschutzerkl\u00e4rung Anti-Geldw\u00e4sche Widerrufsrecht Impressum AGB Datenschutzerkl\u00e4rung Anti-Geldw\u00e4sche Widerrufsrecht COPYRIGHT \u00a9 2024 ASREAL REAM GMBH","og_url":"https:\/\/asreal.com\/?page_id=1284","og_site_name":"ASreal","article_modified_time":"2024-12-19T14:49:11+00:00","twitter_card":"summary_large_image","twitter_misc":{"Gesch\u00e4tzte Lesezeit":"1\u00a0Minute"},"schema":{"@context":"https:\/\/schema.org","@graph":[{"@type":"WebPage","@id":"https:\/\/asreal.com\/?page_id=1284","url":"https:\/\/asreal.com\/?page_id=1284","name":"Wohnen - ASreal","isPartOf":{"@id":"https:\/\/asreal.com\/#website"},"datePublished":"2024-06-12T09:53:13+00:00","dateModified":"2024-12-19T14:49:11+00:00","breadcrumb":{"@id":"https:\/\/asreal.com\/?page_id=1284#breadcrumb"},"inLanguage":"de","potentialAction":[{"@type":"ReadAction","target":["https:\/\/asreal.com\/?page_id=1284"]}]},{"@type":"BreadcrumbList","@id":"https:\/\/asreal.com\/?page_id=1284#breadcrumb","itemListElement":[{"@type":"ListItem","position":1,"name":"Portada","item":"https:\/\/asreal.com\/"},{"@type":"ListItem","position":2,"name":"Angebote","item":"https:\/\/asreal.com\/?page_id=1105"},{"@type":"ListItem","position":3,"name":"Wohnen"}]},{"@type":"WebSite","@id":"https:\/\/asreal.com\/#website","url":"https:\/\/asreal.com\/","name":"ASreal","description":"Ihr professioneller Partner f\u00fcr nachhaltiges Mieter- und Vermietungsmanagement","publisher":{"@id":"https:\/\/asreal.com\/#organization"},"potentialAction":[{"@type":"SearchAction","target":{"@type":"EntryPoint","urlTemplate":"https:\/\/asreal.com\/?s={search_term_string}"},"query-input":{"@type":"PropertyValueSpecification","valueRequired":true,"valueName":"search_term_string"}}],"inLanguage":"de"},{"@type":"Organization","@id":"https:\/\/asreal.com\/#organization","name":"ASreal","url":"https:\/\/asreal.com\/","logo":{"@type":"ImageObject","inLanguage":"de","@id":"https:\/\/asreal.com\/#\/schema\/logo\/image\/","url":"https:\/\/asreal.com\/wp-content\/uploads\/2024\/07\/ASr_MieterUZwei\u251c\u0192_web_neg_600.png","contentUrl":"https:\/\/asreal.com\/wp-content\/uploads\/2024\/07\/ASr_MieterUZwei\u251c\u0192_web_neg_600.png","width":1890,"height":662,"caption":"ASreal"},"image":{"@id":"https:\/\/asreal.com\/#\/schema\/logo\/image\/"}}]}},"rttpg_featured_image_url":null,"rttpg_author":{"display_name":"admin","author_link":"https:\/\/asreal.com\/?author=1"},"rttpg_comment":0,"rttpg_category":null,"rttpg_excerpt":"Angebote &#8211; folgt demn\u00e4chst &#8211; Wohnen Impressum AGB Datenschutzerkl\u00e4rung Anti-Geldw\u00e4sche Widerrufsrecht Impressum AGB Datenschutzerkl\u00e4rung Anti-Geldw\u00e4sche Widerrufsrecht COPYRIGHT \u00a9 2024 ASREAL REAM GMBH","_links":{"self":[{"href":"https:\/\/asreal.com\/index.php?rest_route=\/wp\/v2\/pages\/1284","targetHints":{"allow":["GET"]}}],"collection":[{"href":"https:\/\/asreal.com\/index.php?rest_route=\/wp\/v2\/pages"}],"about":[{"href":"https:\/\/asreal.com\/index.php?rest_route=\/wp\/v2\/types\/page"}],"author":[{"embeddable":true,"href":"https:\/\/asreal.com\/index.php?rest_route=\/wp\/v2\/users\/1"}],"replies":[{"embeddable":true,"href":"https:\/\/asreal.com\/index.php?rest_route=%2Fwp%2Fv2%2Fcomments&post=1284"}],"version-history":[{"count":13,"href":"https:\/\/asreal.com\/index.php?rest_route=\/wp\/v2\/pages\/1284\/revisions"}],"predecessor-version":[{"id":2310,"href":"https:\/\/asreal.com\/index.php?rest_route=\/wp\/v2\/pages\/1284\/revisions\/2310"}],"up":[{"embeddable":true,"href":"https:\/\/asreal.com\/index.php?rest_route=\/wp\/v2\/pages\/1105"}],"wp:attachment":[{"href":"https:\/\/asreal.com\/index.php?rest_route=%2Fwp%2Fv2%2Fmedia&parent=1284"}],"curies":[{"name":"wp","href":"https:\/\/api.w.org\/{rel}","templated":true}]}}